{"id":574,"date":"2021-06-15T18:07:12","date_gmt":"2021-06-15T18:07:12","guid":{"rendered":"https:\/\/meero.ee\/m\/?post_type=product&#038;p=574"},"modified":"2024-11-24T13:40:29","modified_gmt":"2024-11-24T13:40:29","slug":"laste-joululaulud-vaike-kuunal-sara-2020","status":"publish","type":"product","link":"https:\/\/meero.ee\/m\/toode\/laste-joululaulud-vaike-kuunal-sara-2020\/","title":{"rendered":"Laste j\u00f5ululaulude CD &#8220;V\u00e4ike k\u00fc\u00fcnal s\u00e4ra&#8221;, 2020"},"content":{"rendered":"CD-plaat","protected":false},"excerpt":{"rendered":"CD-plaat","protected":false},"featured_media":575,"template":"","meta":[],"product_cat":[62],"product_tag":[61],"class_list":["post-574","product","type-product","status-publish","has-post-thumbnail","hentry","product_cat-e-shop-2","product_tag-shop"],"acf":[],"yoast_head":"<!-- This site is optimized with the Yoast SEO plugin v17.8 - https:\/\/yoast.com\/wordpress\/plugins\/seo\/ -->\n<title>Laste j\u00f5ululaulude CD &quot;V\u00e4ike k\u00fc\u00fcnal s\u00e4ra&quot;, 2020 - meero<\/title>\n<meta name=\"robots\" content=\"index, follow, max-snippet:-1, max-image-preview:large, max-video-preview:-1\" \/>\n<link rel=\"canonical\" href=\"https:\/\/meero.ee\/m\/toode\/laste-joululaulud-vaike-kuunal-sara-2020\/\" \/>\n<meta property=\"og:locale\" content=\"et_EE\" \/>\n<meta property=\"og:type\" content=\"article\" \/>\n<meta property=\"og:title\" content=\"Laste j\u00f5ululaulude CD &quot;V\u00e4ike k\u00fc\u00fcnal s\u00e4ra&quot;, 2020 - meero\" \/>\n<meta property=\"og:description\" content=\"CD-plaat\" \/>\n<meta property=\"og:url\" content=\"https:\/\/meero.ee\/m\/toode\/laste-joululaulud-vaike-kuunal-sara-2020\/\" \/>\n<meta property=\"og:site_name\" content=\"meero\" \/>\n<meta property=\"article:modified_time\" content=\"2024-11-24T13:40:29+00:00\" \/>\n<meta property=\"og:image\" content=\"https:\/\/meero.ee\/m\/wp-content\/uploads\/2021\/06\/VikeKnalSra.jpg\" \/>\n\t<meta property=\"og:image:width\" content=\"386\" \/>\n\t<meta property=\"og:image:height\" content=\"383\" \/>\n<meta name=\"twitter:card\" content=\"summary_large_image\" \/>\n<script type=\"application\/ld+json\" class=\"yoast-schema-graph\">{\"@context\":\"https:\/\/schema.org\",\"@graph\":[{\"@type\":\"WebSite\",\"@id\":\"https:\/\/meero.ee\/m\/#website\",\"url\":\"https:\/\/meero.ee\/m\/\",\"name\":\"meero\",\"description\":\"Meero Muusik\",\"potentialAction\":[{\"@type\":\"SearchAction\",\"target\":{\"@type\":\"EntryPoint\",\"urlTemplate\":\"https:\/\/meero.ee\/m\/?s={search_term_string}\"},\"query-input\":\"required name=search_term_string\"}],\"inLanguage\":\"et\"},{\"@type\":\"ImageObject\",\"@id\":\"https:\/\/meero.ee\/m\/toode\/laste-joululaulud-vaike-kuunal-sara-2020\/#primaryimage\",\"inLanguage\":\"et\",\"url\":\"https:\/\/meero.ee\/m\/wp-content\/uploads\/2021\/06\/VikeKnalSra.jpg\",\"contentUrl\":\"https:\/\/meero.ee\/m\/wp-content\/uploads\/2021\/06\/VikeKnalSra.jpg\",\"width\":386,\"height\":383},{\"@type\":\"WebPage\",\"@id\":\"https:\/\/meero.ee\/m\/toode\/laste-joululaulud-vaike-kuunal-sara-2020\/#webpage\",\"url\":\"https:\/\/meero.ee\/m\/toode\/laste-joululaulud-vaike-kuunal-sara-2020\/\",\"name\":\"Laste j\\u00f5ululaulude CD \\\"V\\u00e4ike k\\u00fc\\u00fcnal s\\u00e4ra\\\", 2020 - meero\",\"isPartOf\":{\"@id\":\"https:\/\/meero.ee\/m\/#website\"},\"primaryImageOfPage\":{\"@id\":\"https:\/\/meero.ee\/m\/toode\/laste-joululaulud-vaike-kuunal-sara-2020\/#primaryimage\"},\"datePublished\":\"2021-06-15T18:07:12+00:00\",\"dateModified\":\"2024-11-24T13:40:29+00:00\",\"breadcrumb\":{\"@id\":\"https:\/\/meero.ee\/m\/toode\/laste-joululaulud-vaike-kuunal-sara-2020\/#breadcrumb\"},\"inLanguage\":\"et\",\"potentialAction\":[{\"@type\":\"ReadAction\",\"target\":[\"https:\/\/meero.ee\/m\/toode\/laste-joululaulud-vaike-kuunal-sara-2020\/\"]}]},{\"@type\":\"BreadcrumbList\",\"@id\":\"https:\/\/meero.ee\/m\/toode\/laste-joululaulud-vaike-kuunal-sara-2020\/#breadcrumb\",\"itemListElement\":[{\"@type\":\"ListItem\",\"position\":1,\"name\":\"Home\",\"item\":\"https:\/\/meero.ee\/m\/\"},{\"@type\":\"ListItem\",\"position\":2,\"name\":\"Products\",\"item\":\"https:\/\/meero.ee\/m\/shop\/\"},{\"@type\":\"ListItem\",\"position\":3,\"name\":\"Laste j\\u00f5ululaulude CD &#8220;V\\u00e4ike k\\u00fc\\u00fcnal s\\u00e4ra&#8221;, 2020\"}]}]}<\/script>\n<!-- \/ Yoast SEO plugin. -->","yoast_head_json":{"title":"Laste j\u00f5ululaulude CD \"V\u00e4ike k\u00fc\u00fcnal s\u00e4ra\", 2020 - meero","robots":{"index":"index","follow":"follow","max-snippet":"max-snippet:-1","max-image-preview":"max-image-preview:large","max-video-preview":"max-video-preview:-1"},"canonical":"https:\/\/meero.ee\/m\/toode\/laste-joululaulud-vaike-kuunal-sara-2020\/","og_locale":"et_EE","og_type":"article","og_title":"Laste j\u00f5ululaulude CD \"V\u00e4ike k\u00fc\u00fcnal s\u00e4ra\", 2020 - meero","og_description":"CD-plaat","og_url":"https:\/\/meero.ee\/m\/toode\/laste-joululaulud-vaike-kuunal-sara-2020\/","og_site_name":"meero","article_modified_time":"2024-11-24T13:40:29+00:00","og_image":[{"width":386,"height":383,"url":"https:\/\/meero.ee\/m\/wp-content\/uploads\/2021\/06\/VikeKnalSra.jpg","type":"image\/jpeg"}],"twitter_card":"summary_large_image","schema":{"@context":"https:\/\/schema.org","@graph":[{"@type":"WebSite","@id":"https:\/\/meero.ee\/m\/#website","url":"https:\/\/meero.ee\/m\/","name":"meero","description":"Meero Muusik","potentialAction":[{"@type":"SearchAction","target":{"@type":"EntryPoint","urlTemplate":"https:\/\/meero.ee\/m\/?s={search_term_string}"},"query-input":"required name=search_term_string"}],"inLanguage":"et"},{"@type":"ImageObject","@id":"https:\/\/meero.ee\/m\/toode\/laste-joululaulud-vaike-kuunal-sara-2020\/#primaryimage","inLanguage":"et","url":"https:\/\/meero.ee\/m\/wp-content\/uploads\/2021\/06\/VikeKnalSra.jpg","contentUrl":"https:\/\/meero.ee\/m\/wp-content\/uploads\/2021\/06\/VikeKnalSra.jpg","width":386,"height":383},{"@type":"WebPage","@id":"https:\/\/meero.ee\/m\/toode\/laste-joululaulud-vaike-kuunal-sara-2020\/#webpage","url":"https:\/\/meero.ee\/m\/toode\/laste-joululaulud-vaike-kuunal-sara-2020\/","name":"Laste j\u00f5ululaulude CD \"V\u00e4ike k\u00fc\u00fcnal s\u00e4ra\", 2020 - meero","isPartOf":{"@id":"https:\/\/meero.ee\/m\/#website"},"primaryImageOfPage":{"@id":"https:\/\/meero.ee\/m\/toode\/laste-joululaulud-vaike-kuunal-sara-2020\/#primaryimage"},"datePublished":"2021-06-15T18:07:12+00:00","dateModified":"2024-11-24T13:40:29+00:00","breadcrumb":{"@id":"https:\/\/meero.ee\/m\/toode\/laste-joululaulud-vaike-kuunal-sara-2020\/#breadcrumb"},"inLanguage":"et","potentialAction":[{"@type":"ReadAction","target":["https:\/\/meero.ee\/m\/toode\/laste-joululaulud-vaike-kuunal-sara-2020\/"]}]},{"@type":"BreadcrumbList","@id":"https:\/\/meero.ee\/m\/toode\/laste-joululaulud-vaike-kuunal-sara-2020\/#breadcrumb","itemListElement":[{"@type":"ListItem","position":1,"name":"Home","item":"https:\/\/meero.ee\/m\/"},{"@type":"ListItem","position":2,"name":"Products","item":"https:\/\/meero.ee\/m\/shop\/"},{"@type":"ListItem","position":3,"name":"Laste j\u00f5ululaulude CD &#8220;V\u00e4ike k\u00fc\u00fcnal s\u00e4ra&#8221;, 2020"}]}]}},"_links":{"self":[{"href":"https:\/\/meero.ee\/m\/wp-json\/wp\/v2\/product\/574","targetHints":{"allow":["GET"]}}],"collection":[{"href":"https:\/\/meero.ee\/m\/wp-json\/wp\/v2\/product"}],"about":[{"href":"https:\/\/meero.ee\/m\/wp-json\/wp\/v2\/types\/product"}],"wp:featuredmedia":[{"embeddable":true,"href":"https:\/\/meero.ee\/m\/wp-json\/wp\/v2\/media\/575"}],"wp:attachment":[{"href":"https:\/\/meero.ee\/m\/wp-json\/wp\/v2\/media?parent=574"}],"wp:term":[{"taxonomy":"product_cat","embeddable":true,"href":"https:\/\/meero.ee\/m\/wp-json\/wp\/v2\/product_cat?post=574"},{"taxonomy":"product_tag","embeddable":true,"href":"https:\/\/meero.ee\/m\/wp-json\/wp\/v2\/product_tag?post=574"}],"curies":[{"name":"wp","href":"https:\/\/api.w.org\/{rel}","templated":true}]}}